ed by 48.
46
Calculate the remainder when 152 is divided by 12.
8
What is the remainder when 128 is divided by 50?
28
What is the remainder when 1638 is divided by 98?
70
Calculate the remainder when 2276 is divided by 9.
8
What is the remainder when 751 is divided by 63?
58
What is the remainder when 373 is divided by 21?
16
What is the remainder when 865 is divided by 145?
140
Calculate the remainder when 118 is divided by 30.
28
What is the remainder when 5713 is divided by 5?
3
Calculate the remainder when 12998 is divided by 104.
102
Calculate the remainder when 559 is divided by 27.
19
What is the remainder when 68 is divided by 35?
33
Calculate the remainder when 242 is divided by 119.
4
What is the remainder when 4245 is divided by 15?
0
Calculate the remainder when 358 is divided by 54.
34
What is the remainder when 9 is divided by 4?
1
Calculate the remainder when 2798 is divided by 100.
98
Calculate the remainder when 4414 is divided by 4.
2
Calculate the remainder when 4810 is divided by 43.
37
Calculate the remainder when 1306 is divided by 265.
246
What is the remainder when 13741 is divided by 29?
24
What is the remainder when 247 is divided by 36?
31
Calculate the remainder when 168 is divided by 68.
32
Calculate the remainder when 650 is divided by 17.
4
Calculate the remainder when 52 is divided by 35.
17
Calculate the remainder when 19202 is divided by 22.
18
Calculate the remainder when 442 is divided by 12.
10
What is the remainder when 1818 is divided by 130?
128
Calculate the remainder when 34 is divided by 8.
2
What is the remainder when 1852 is divided by 457?
24
What is the remainder when 8338 is divided by 5?
3
Calculate the remainder when 286 is divided by 18.
16
Calculate the remainder when 297 is divided by 103.
91
What is the remainder when 944 is divided by 241?
221
What is the remainder when 7305 is divided by 27?
15
What is the remainder when 795 is divided by 223?
126
What is the remainder when 205 is divided by 108?
97
What is the remainder when 957 is divided by 107?
101
What is the remainder when 99 is divided by 11?
0
What is the remainder when 45 is divided by 17?
11
What is the remainder when 755 is divided by 12?
11
What is the remainder when 532 is divided by 70?
42
What is the remainder when 2945 is divided by 980?
5
Calculate the remainder when 78 is divided by 9.
6
Calculate the remainder when 255 is divided by 146.
109
What is the remainder when 59 is divided by 33?
26
Calculate the remainder when 672 is divided by 74.
6
Calculate the remainder when 7273 is divided by 2424.
1
Calculate the remainder when 40 is divided by 16.
8
Calculate the remainder when 76 is divided by 13.
11
What is the remainder when 129 is divided by 47?
35
Calculate the remainder when 16 is divided by 6.
4
What is the remainder when 479 is divided by 10?
9
What is the remainder when 191 is divided by 50?
41
What is the remainder when 472 is divided by 67?
3
What is the remainder when 3741 is divided by 26?
23
What is the remainder when 9743 is divided by 58?
57
Calculate the remainder when 3134 is divided by 456.
398
Calculate the remainder when 885 is divided by 80.
5
Calculate the remainder when 2021 is divided by 184.
181
Calculate the remainder when 357 is divided by 66.
27
Calculate the remainder when 945 is divided by 6.
3
What is the remainder when 159 is divided by 24?
15
What is the remainder when 19 is divided by 11?
8
Calculate the remainder when 186 is divided by 74.
38
Calculate the remainder when 304 is divided by 31.
25
Calculate the remainder when 10168 is divided by 48.
40
Calculate the remainder when 1622 is divided by 181.
174
Calculate the remainder when 76 is divided by 40.
36
What is the remainder when 396 is divided by 50?
46
Calculate the remainder when 83 is divided by 20.
3
Calculate the remainder when 61 is divided by 7.
5
What is the remainder when 4684 is divided by 669?
1
Calculate the remainder when 133 is divided by 47.
39
Calculate the remainder when 594 is divided by 35.
34
Calculate the remainder when 292 is divided by 37.
33
What is the remainder when 56 is divided by 4?
0
What is the remainder when 395 is divided by 6?
5
Calculate the remainder when 108 is divided by 19.
13
Calculate the remainder when 5650 is divided by 1882.
4
Calculate the remainder when 43 is divided by 10.
3
Calculate the remainder when 103 is divided by 84.
19
What is the remainder when 1264 is divided by 571?
122
What is the remainder when 1902 is divided by 27?
12
Calculate the remainder when 1045 is divided by 21.
16
Calculate the remainder when 8 is divided by 3.
2
Calculate the remainder when 1883 is divided by 12.
11
Calculate the remainder when 103 is divided by 29.
16
What is the remainder when 79 is divided by 10?
9
Calculate the remainder when 870 is divided by 865.
5
Calculate the remainder when 110 is divided by 14.
12
What is the remainder when 288 is divided by 95?
3
Calculate the remainder when 29 is divided by 10.
9
What is the remainder when 267 is divided by 34?
29
What is the remainder when 287 is divided by 21?
14
Calculate the remainder when 320 is divided by 36.
32
Calculate the remainder when 52 is divided by 22.
8
Calculate the remainder when 247 is divided by 31.
30
Calculate the remainder when 875 is divided by 80.
75
Calculate the remainder when 1820 is divided by 28.
0
Calculate the remainder when 4834 is divided by 25.
9
What is the remainder when 1693 is divided by 95?
78
Calculate the remainder when 110 is divided by 73.
37
Calculate the remainder when 309 is divided by 12.
9
What is the remainder when 143 is divided by 16?
15
Calculate the remainder when 76 is divided by 75.
1
What is the remainder when 438 is divided by 103?
26
Calculate the remainder when 99 is divided by 15.
9
Calculate the remainder when 351 is divided by 44.
43
Calculate the remainder when 171 is divided by 31.
16
What is the remainder when 429 is divided by 268?
161
What is the remainder when 63 is divided by 13?
11
What is the remainder when 219 is divided by 52?
11
What is the remainder when 9484 is divided by 28?
20
Calculate the remainder when 150 is divided by 148.
2
What is the remainder when 4385 is divided by 133?
129
Calculate the remainder when 7388 is divided by 51.
44
Calculate the remainder when 56 is divided by 11.
1
What is the remainder when 181 is divided by 47?
40
Calculate the remainder when 2435 is divided by 163.
153
Calculate the remainder when 398 is divided by 67.
63
What is the remainder when 2951 is divided by 36?
35
Calculate the remainder when 522 is divided by 101.
17
What is the remainder when 207 is divided by 32?
15
What is the remainder when 936 is divided by 301?
33
Calculate the remainder when 190 is divided by 45.
10
Calculate the remainder when 114 is divided by 59.
55
What is the remainder when 21421 is divided by 208?
205
What is the remainder when 1175 is divided by 31?
28
What is the remainder when 1591 is divided by 29?
25
Calculate the remainder when 646 is divided by 11.
8
What is the remainder when 135 is divided by 75?
60
What is the remainder when 182 is divided by 149?
33
What is the remainder when 459 is divided by 40?
19
Calculate the remainder when 743 is divided by 12.
11
Calculate the remainder when 519 is divided by 131.
126
Calculate the remainder when 73 is divided by 55.
18
Calculate the remainder when 312 is divided by 32.
24
What is the remainder when 1144 is divided by 46?
40
What is the remainder when 1739 is divided by 194?
187
What is the remainder when 280 is divided by 55?
5
What is the remainder when 1517 is divided by 166?
23
Calculate the remainder when 703 is divided by 100.
3
Calculate the remainder when 26 is divided by 10.
6
Calculate the remainder when 11355 is divided by 68.
67
What is the remainder when 501 is divided by 459?
42
What is the remainder when 139 is divided by 12?
7
What is the remainder when 30399 is divided by 43?
41
Calculate the remainder when 494 is divided by 147.
53
What is the remainder when 87 is divided by 48?
39
Calculate the remainder when 359 is divided by 318.
41
What is the remainder when 16 is divided by 6?
4
Calculate the remainder when 50 is divided by 25.
0
What is the remainder when 1678 is divided b